er?
False
Is 33354691 prime?
True
Is 73058669 composite?
False
Is 50693369 composite?
False
Is 23788813 prime?
False
Is 47352509 prime?
False
Is 72897109 a prime number?
True
Is 6836509 a composite number?
True
Is 7163995 prime?
False
Is 271522159 a prime number?
False
Is 76883161 a composite number?
False
Is 80325317 composite?
False
Is 695117 prime?
True
Is 731447 composite?
False
Is 187374691 a composite number?
True
Is 7416917 prime?
True
Is 25859527 prime?
False
Is 46710259 a composite number?
False
Is 33748369 a composite number?
True
Is 88037 a prime number?
True
Is 12338761 prime?
False
Is 131741647 composite?
False
Is 12906265 a prime number?
False
Is 24935471 prime?
False
Is 374151 a prime number?
False
Is 345103883 composite?
False
Is 22395589 a composite number?
False
Is 24671993 a prime number?
True
Is 12496681 a composite number?
True
Is 773581 a prime number?
False
Is 2156803 prime?
False
Is 2287799 composite?
True
Is 7917539 composite?
True
Is 7326959 prime?
False
Is 49243697 prime?
True
Is 17996522 a prime number?
False
Is 14427433 a prime number?
False
Is 109899367 composite?
False
Is 2816111 a composite number?
True
Is 2002043 composite?
True
Is 6956437 a composite number?
False
Is 7094761 composite?
False
Is 9367727 a prime number?
False
Is 10261001 prime?
True
Is 822390098 prime?
False
Is 8114291 a composite number?
False
Is 17908549 a composite number?
False
Is 52466903 composite?
False
Is 1482763 composite?
False
Is 1352749 prime?
True
Is 116957833 composite?
False
Is 166918727 a prime number?
False
Is 7437467 a composite number?
True
Is 1307567 a prime number?
False
Is 3029419 prime?
True
Is 18328379 composite?
False
Is 35613367 a prime number?
False
Is 33523379 composite?
False
Is 844297 composite?
False
Is 1942001 composite?
False
Is 1766381 a prime number?
False
Is 481165831 a prime number?
True
Is 39645087 a prime number?
False
Is 27313817 a composite number?
False
Is 849794885 composite?
True
Is 4267399 prime?
True
Is 403660837 prime?
True
Is 49016579 a prime number?
True
Is 6784871 a prime number?
True
Is 4326493 composite?
False
Is 10282997 composite?
False
Is 7206811 prime?
True
Is 36763747 a prime number?
True
Is 32134687 composite?
True
Is 6728749 composite?
False
Is 27313283 a composite number?
True
Is 17562621 prime?
False
Is 55643581 a composite number?
True
Is 802639 composite?
True
Is 888319 prime?
True
Is 2261377 a composite number?
False
Is 2653841 prime?
True
Is 1338005369 prime?
True
Is 348489566 prime?
False
Is 2553389 prime?
True
Is 373440563 a prime number?
False
Is 5898173 a prime number?
False
Is 7330601 a prime number?
False
Is 31185047 a prime number?
True
Is 28155206 prime?
False
Is 19740937 composite?
False
Is 257078791 prime?
True
Is 9958895 a composite number?
True
Is 148560253 prime?
False
Is 6713063 a prime number?
False
Is 12749651 a composite number?
False
Is 3111233 a prime number?
False
Is 133017793 prime?
False
Is 12836347 a composite number?
False
Is 4616831 a composite number?
True
Is 378519833 a prime number?
True
Is 150453769 prime?
False
Is 240829 a composite number?
False
Is 6094637 composite?
True
Is 4641001 composite?
False
Is 909849 a prime number?
False
Is 6906103 a composite number?
False
Is 184618903 composite?
True
Is 4781513 prime?
False
Is 9540709 a prime number?
False
Is 1695200401 a prime number?
True
Is 516327917 a prime number?
False
Is 6427331 a composite number?
False
Is 102197473 composite?
True
Is 200059477 composite?
False
Is 13046381 prime?
False
Is 257519 a composite number?
False
Is 2645711 a composite number?
False
Is 260582261 a composite number?
True
Is 22699591 a composite number?
True
Is 2578717 a prime number?
True
Is 47958051 prime?
False
Is 25672861 a prime number?
True
Is 6697837 a composite number?
False
Is 108336905 a composite number?
True
Is 16915141 prime?
False
Is 112804847 prime?
True
Is 10320437 a prime number?
True
Is 17964571 composite?
False
Is 4038949 prime?
True
Is 3990343 a composite number?
True
Is 554503 prime?
True
Is 100337 prime?
False
Is 47021707 a composite number?
False
Is 230647013 composite?
True
Is 48824299 composite?
False
Is 2368581 a composite number?
True
Is 3012193 a prime number?
False
Is 297235105 a prime number?
False
Is 7226299 a prime number?
False
Is 2681587 prime?
False
Is 4911497 a prime number?
True
Is 9245009 a prime number?
False
Is 8939299 composite?
False
Is 907195 composite?
True
Is 28029031 prime?
False
Is 16564079 prime?
False
Is 416729 a composite number?
True
Is 145879 composite?
False
Is 613352161 a composite number?
False
Is 237673 composite?
False
Is 5904793 composite?
True
Is 672301 prime?
False
Is 59694731 composite?
True
Is 17020474 prime?
False
Is 17543 a composite number?
True
Is 58296193 prime?
False
Is 12229247 a composite number?
False
Is 72122117 prime?
False
Is 3490789865 composite?
True
Is 29553529 a prime number?
True
Is 1742161 prime?
True
Is 1136209 prime?
False
Is 3282941 prime?
False
Is 19233421 composite?
False
Is 754277 prime?
False
Is 46853 a composite number?
False
Is 785329661 a composite number?
False
Is 22612939 a prime number?
True
Is 10074682 prime?
False
Is 51594511 prime?
True
Is 135487769 a composite number?
True
Is 1942657 a prime number?
True
Is 5935051 prime?
True
Is 19072457 prime?
True
Is 15769441 composite?
False
Is 271196693 a composite number?
False
Is 638188519 a composite number?
False
Is 259933 composite?
False
Is 127462427 a prime number?
True
Is 56009735 composite?
True
Is 962303 a prime number?
True
Is 1349773 a prime number?
True
Is 296097799 a composite number?
True
Is 2346403 prime?
False
Is 253073 a prime number?
False
Is 241722827 a composite number?
False
Is 67426721 prime?
False
Is 32973139 a composite number?
False
Is 2057747 a composite number?
False
Is 1687319 a prime number?
True
Is 128300657 composite?
False
Is 737259863 prime?
False
Is 4872841 a composite number?
True
Is 359923 composite?
True
Is 21692093 prime?
True
Is 3671573 prime?
True
Is 4154197 prime?
True
Is 2355629 composite?
False
Is 32135867 a prime number?
True
Is 1140371 a prime number?
True
Is 27482443 composite?
False
Is 4543157 composite?
True
Is 5072141 prime?
True
Is 64676377 a prime number?
False
Is 151116677 prime?
True
Is 586370639 a prime number?
True
Is 168595049 prime?
False
Is 8478151 a composite number?
True
Is 1142873 composite?
True
Is 34424839 prime?
False
Is 5400019 prime?
True
Is 11211029 a prime number?
True
Is 81378361 prime?
True
Is 84451573 a prime number?
False
Is 13498673 composite?
True
Is 38066363 a prime number?
False
Is 190229639 composite?
True
Is 13770545 composite?
True
Is 3491465 prime?
False
Is 6495197 prime?
True
Is 939151 composite?
True
Is 282181849 a composite number?
True
Is 1563063 composite?
True
Is 2930449 composite?
False
Is 2147351 composite?
False
Is 40094693 prime?
False
Is 15734753 a composite number?
False
Is 2193937 prime?
False
Is 68863 composite?
False
Is 3629719 composite?
False
Is 980624341 a prime number?
True
Is 465707 a composite number?
True
Is 1325189 a prime number?
False
Is 1117349 prime?
True
Is 421159 composite?
False
Is 31526489 prime?
True
Is 98627743 composite?
True
Is 317123 prime?
True
Is 219751667 a prime number?
False
Is 3012715 composite?
True
Is 8574683 a prime number?
False
Is 1603481 a prime number?
False
Is 281175883 a prime number?
True
Is 21325753 prime?
False
Is 59097473 composite?
True
Is 32832403 a prime number?
True
Is 70935257 composite?
False
Is 1682707 prime?
False
Is 7861891 composite?
True
Is 380903 a composite number?
True
Is 952363 prime?
True
Is 8839457 a prime number?
False
Is 412199093 composite?
False
Is 1109879 a prime number?
False
Is 9025711 a composite number?
True
Is 1297601 a composite number?
False
Is 83306599 composite?
True
Is 8999567 prime?
True
Is 737021 a prime number?
False
Is 4851491 prime?
True
Is 796831953 a composite number?
True
Is 2685205 a composite number?
True
Is 203600167 a prime number?
True
Is 7601879 prime?
True
Is 4519223 a composite number?
True
Is 628663 prime?
False
Is 11066053 composite?
False
Is 23945879 prime?
True
Is 9171563 prime?
False
Is 167362163 a prime number?
True
Is 155515103 composite?
False
Is 6227777 composite?
True
Is 2175437 a prime number?
Fa